{"id":5,"date":"2019-07-11T13:49:01","date_gmt":"2019-07-11T11:49:01","guid":{"rendered":"http:\/\/www.sv1582-oberzeiring.at\/www\/?page_id=5"},"modified":"2025-09-16T16:37:29","modified_gmt":"2025-09-16T14:37:29","slug":"startseite","status":"publish","type":"page","link":"https:\/\/www.sv1582-oberzeiring.at\/www\/","title":{"rendered":"Sch\u00fctzenverein Oberzeiring"},"content":{"rendered":"\n<h2 class=\"wp-block-heading\">Liebe Freunde des Schie\u00dfsports und der Jagd!<\/h2>\n\n\n\n<p>Herzlich willkommen auf der Webseite des Sch\u00fctzenverein 1582 Oberzeiring<br>Der Obersch\u00fctzenmeister Michael Felfer, freut sich Sie mit einem herzlichen &#8222;Sch\u00fctzen Heil&#8220; auf unserer Homepage zu begr\u00fc\u00dfen! Der<br>Sch\u00fctzenverein 1582 Oberzeiring wurde im Jahr 1582 erstmals urkundlich erw\u00e4hnt und besteht<br>seither mit kurzen Unterbrechungen. Schie\u00dfen ist ein olympischer Sport und wird nach festen Regeln<br>in verschiedenen Disziplinen durchgef\u00fchrt. Der Schie\u00dfsport stellt eine besondere Anforderung an<br>K\u00f6rper und Geist dar. Der Zweck des Vereines ist die F\u00f6rderung, Aus\u00fcbung und Ausbildung des<br>sportlichen Schie\u00dfens. Damit dies gelingen kann ist es wichtig eine Balance zwischen K\u00f6rper und<br>Geist zu erzielen. Sind diese in Einklang, k\u00f6nnen Topergebnisse erbracht werden. Die Erfolge unserer<br>Sch\u00fctzen sind Beweis genug, dass wir auf dem richtigen Weg sind.<br>Doch das Hauptziel unseres Vereins ist das Erlernen eines verantwortungsvollen Umganges mit der<br>Waffe, St\u00e4rkung der Konzentrationsf\u00e4higkeit, F\u00f6rderung von Sport- und Teamgeist sowie der<br>Kameradschaft.<br>M\u00f6chtet Ihr mehr \u00fcber unseren Schie\u00dfsport erfahren, dann kommt uns gerne in unseren<br>Sch\u00fctzenlokal besuchen. Wir freuen uns auch auf zahlreichen Besuch auf dieser Website oder einfach<br>\u00fcber nette Gr\u00fc\u00dfe auf <a href=\"https:\/\/www.facebook.com\/SV1582Oberzeiring\/\" data-type=\"URL\" data-id=\"https:\/\/www.facebook.com\/SV1582Oberzeiring\/\">Facebook<\/a>.<br>In diesem Sinne w\u00fcnschen wir ein kr\u00e4ftiges Sch\u00fctzenheil!<\/p>\n\n\n\n<h2 class=\"wp-block-heading\">Sch\u00fctzenlokal<\/h2>\n\n\n\n<figure class=\"wp-block-image size-large is-style-default\"><img loading=\"lazy\" decoding=\"async\" width=\"1024\" height=\"576\" src=\"https:\/\/www.sv1582-oberzeiring.at\/www\/wp-content\/uploads\/2023\/12\/Schuetzenlokal-1024x576.jpg\" alt=\"\" class=\"wp-image-541\" srcset=\"https:\/\/www.sv1582-oberzeiring.at\/www\/wp-content\/uploads\/2023\/12\/Schuetzenlokal-1024x576.jpg 1024w, https:\/\/www.sv1582-oberzeiring.at\/www\/wp-content\/uploads\/2023\/12\/Schuetzenlokal-300x169.jpg 300w, https:\/\/www.sv1582-oberzeiring.at\/www\/wp-content\/uploads\/2023\/12\/Schuetzenlokal-768x432.jpg 768w, https:\/\/www.sv1582-oberzeiring.at\/www\/wp-content\/uploads\/2023\/12\/Schuetzenlokal-1536x864.jpg 1536w, https:\/\/www.sv1582-oberzeiring.at\/www\/wp-content\/uploads\/2023\/12\/Schuetzenlokal.jpg 1707w\" sizes=\"auto, (max-width: 1024px) 100vw, 1024px\" \/><\/figure>\n\n\n\n<p><strong>\u00d6ffnungszeiten<\/strong>: Von 1.9.-30.4. jeden Freitag (au\u00dfer Feiertag) von 17.00-18.00 Uhr f\u00fcr die Jugend, 18.00-22.00 Uhr f\u00fcr Erwachsene.<br>W\u00e4hrend der Sommermonate auf Anfrage Schie\u00dfbetrieb.<strong> Saisonstart am 12.09.202<\/strong>5<br>Geschossen wird auf zehn elektronischen Luftgewehrst\u00e4nden der Marke DISAG in 10 m Entfernung, parallel dazu stehen 9 automatische Seilzuganlagen f\u00fcr die Wildscheibenbewerbe zur Verf\u00fcgung.<br>Der Verein stellt f\u00fcr den Schie\u00dfbetrieb kostenlos Gewehre zur Verf\u00fcgung<br>G\u00e4steschie\u00dfen f\u00fcr Gruppen ab 5 Personen jederzeit gegen <a href=\"https:\/\/www.sv1582-oberzeiring.at\/www\/kontakt\/\">Voranmeldung<\/a> m\u00f6glich.<br>Mitglied kann jede(r) Schie\u00dfsportinteressierte ab 8 Jahren werden, sobald eine selbst\u00e4ndige Handhabung des Sportgewehres gew\u00e4hrleistet ist. Der j\u00e4hrliche Mitgliedsbeitrag betr\u00e4gt dzt. \u20ac 20,-.<br><\/p>\n","protected":false},"excerpt":{"rendered":"<p>Liebe Freunde des Schie\u00dfsports und der Jagd! Herzlich willkommen auf der Webseite des Sch\u00fctzenverein 1582 OberzeiringDer Obersch\u00fctzenmeister Michael Felfer, freut sich Sie mit einem herzlichen &#8222;Sch\u00fctzen Heil&#8220; auf unserer Homepage &#8230; <a title=\"Sch\u00fctzenverein Oberzeiring\" class=\"read-more\" href=\"https:\/\/www.sv1582-oberzeiring.at\/www\/\" aria-label=\"Mehr Informationen \u00fcber Sch\u00fctzenverein Oberzeiring\">Weiterlesen<\/a><\/p>\n","protected":false},"author":2,"featured_media":0,"parent":0,"menu_order":101,"comment_status":"closed","ping_status":"closed","template":"","meta":{"footnotes":""},"class_list":["post-5","page","type-page","status-publish"],"_links":{"self":[{"href":"https:\/\/www.sv1582-oberzeiring.at\/www\/wp-json\/wp\/v2\/pages\/5","targetHints":{"allow":["GET"]}}],"collection":[{"href":"https:\/\/www.sv1582-oberzeiring.at\/www\/wp-json\/wp\/v2\/pages"}],"about":[{"href":"https:\/\/www.sv1582-oberzeiring.at\/www\/wp-json\/wp\/v2\/types\/page"}],"author":[{"embeddable":true,"href":"https:\/\/www.sv1582-oberzeiring.at\/www\/wp-json\/wp\/v2\/users\/2"}],"replies":[{"embeddable":true,"href":"https:\/\/www.sv1582-oberzeiring.at\/www\/wp-json\/wp\/v2\/comments?post=5"}],"version-history":[{"count":23,"href":"https:\/\/www.sv1582-oberzeiring.at\/www\/wp-json\/wp\/v2\/pages\/5\/revisions"}],"predecessor-version":[{"id":1015,"href":"https:\/\/www.sv1582-oberzeiring.at\/www\/wp-json\/wp\/v2\/pages\/5\/revisions\/1015"}],"wp:attachment":[{"href":"https:\/\/www.sv1582-oberzeiring.at\/www\/wp-json\/wp\/v2\/media?parent=5"}],"curies":[{"name":"wp","href":"https:\/\/api.w.org\/{rel}","templated":true}]}}